{"id":14705,"date":"2019-11-15T17:54:07","date_gmt":"2019-11-15T17:54:07","guid":{"rendered":"http:\/\/www.camioliba.cat\/en-bicicleta\/etapa2\/"},"modified":"2019-12-09T12:54:59","modified_gmt":"2019-12-09T12:54:59","slug":"etapa2","status":"publish","type":"page","link":"https:\/\/www.camioliba.cat\/es\/en-bicicleta\/etapa2\/","title":{"rendered":"Etapa2: ART\u00c9S-VIC"},"content":{"rendered":"<div class=\"wpb-content-wrapper\"><p>[vc_row][vc_column][vc_empty_space height=\u00bb52px\u00bb][\/vc_column][\/vc_row][vc_row][vc_column width=\u00bb1\/4&#8243;][vc_empty_space][vc_column_text]<\/p>\n<h3>EN BICICLETA<\/h3>\n<h3><\/h3>\n<p>[\/vc_column_text][vc_wp_custommenu nav_menu=\u00bb92&#8243;][\/vc_column][vc_column width=\u00bb3\/4&#8243;][vc_row_inner css=\u00bb.vc_custom_1487588772808{border-top-width: 1px !important;border-right-width: 1px !important;border-bottom-width: 1px !important;border-left-width: 1px !important;padding-top: 0px !important;padding-right: 15px !important;padding-bottom: 15px !important;padding-left: 15px !important;border-left-color: #b5b5b5 !important;border-left-style: solid !important;border-right-color: #b5b5b5 !important;border-right-style: solid !important;border-top-color: #b5b5b5 !important;border-top-style: solid !important;border-bottom-color: #b5b5b5 !important;border-bottom-style: solid !important;}\u00bb][vc_column_inner width=\u00bb1\/2&#8243;][vc_column_text]<\/p>\n<h3>RESUMEN DE LA ETAPA<\/h3>\n<p><b>Distancia recorrida:<\/b>\u00a044 km<br \/>\n<b>Altura m\u00e1xima:<\/b>\u00a0938m<br \/>\n<b>Ascenci\u00f3n acumulada:<\/b>\u00a0997m<\/p>\n<h3><\/h3>\n<p>[\/vc_column_text][\/vc_column_inner][vc_column_inner width=\u00bb1\/2&#8243;][vc_column_text]<\/p>\n<h3>FICHA T\u00c9CNICA<\/h3>\n<ul>\n<li><a href=\"https:\/\/www.camioliba.cat\/tracks\/etapa1\/T1Montserrat-Manresa.gpx\" target=\"_blank\" rel=\"noopener noreferrer\">Descarrega&#8217;t el track<\/a><\/li>\n<\/ul>\n<h3><\/h3>\n<p>[\/vc_column_text][\/vc_column_inner][\/vc_row_inner][vc_empty_space][vc_column_text]<\/p>\n<h3 class=\"titol2\">DESCRIPCI\u00d3N GENERAL<\/h3>\n<div id=\"descripcio\">\n<p>Salida de Art\u00e9s para comenzar con una subida por una zona de bosque hasta llegar al pueblo de l&#8217;Estany. A continuaci\u00f3n un peque\u00f1o descenso para tomar una subida hasta el punto m\u00e1s alto de la ruta, ubicado al quil\u00f3metro 27. A partir de este punto empezaremos a bajar hasta el punto de destino, pasando por el pueblo de Santa Eul\u00e0lia de Riuprimer hasta llegar a la Plaza Major de Vic, uno de los atractivos de la capital de Osona.<\/p>\n<\/div>\n<h2 class=\"titol2\"><\/h2>\n<p>[\/vc_column_text][vc_row_inner][vc_column_inner width=\u00bb1\/2&#8243;][vc_column_text]<\/p>\n<h3 class=\"titol2\">RECORRIDO<\/h3>\n<div id=\"descripcio\"><\/div>\n<p>[\/vc_column_text][vc_gmaps link=\u00bb#E-8_JTNDaWZyYW1lJTIwc3JjJTNEJTIyaHR0cHMlM0ElMkYlMkZ3d3cuZ29vZ2xlLmNvbSUyRm1hcHMlMkZkJTJGZW1iZWQlM0ZtaWQlM0QxZjIyUVlXM3gtcjI5TGRKRnRZbDA2dU5DN21qazYxUzIlMjIlMjB3aWR0aCUzRCUyMjY0MCUyMiUyMGhlaWdodCUzRCUyMjQ4MCUyMiUzRSUzQyUyRmlmcmFtZSUzRQ==\u00bb][\/vc_column_inner][\/vc_row_inner][vc_separator][vc_column_text]<\/p>\n<h3 class=\"titol2\">PERFIL<\/h3>\n<div id=\"descripcio\"><\/div>\n<p>[\/vc_column_text][vc_single_image image=\u00bb14782&#8243; img_size=\u00bb907 \u00d7 529&#8243; onclick=\u00bblink_image\u00bb][vc_empty_space][vc_column_text]<\/p>\n<h3 class=\"titol2\">GALER\u00cdA DE IM\u00c1GENES<\/h3>\n<div id=\"descripcio\"><\/div>\n<p>[\/vc_column_text][vc_gallery type=\u00bbimage_grid\u00bb images=\u00bb10424,10426,10427,10428,10429,10430,10431,10432,10433,10434,10435&#8243; img_size=\u00bb100X100&#8243;][\/vc_column][\/vc_row]<\/p>\n<\/div>","protected":false},"excerpt":{"rendered":"<p>[vc_row][vc_column][vc_empty_space height=\u00bb52px\u00bb][\/vc_column][\/vc_row][vc_row][vc_column width=\u00bb1\/4&#8243;][vc_empty_space][vc_column_text] EN BICICLETA [\/vc_column_text][vc_wp_custommenu nav_menu=\u00bb92&#8243;][\/vc_column][vc_column width=\u00bb3\/4&#8243;][vc_row_inner css=\u00bb.vc_custom_1487588772808{border-top-width: 1px !important;border-right-width: 1px !important;border-bottom-width: 1px !important;border-left-width: 1px !important;padding-top: 0px !important;padding-right: 15px !important;padding-bottom: 15px !important;padding-left: 15px !important;border-left-color: #b5b5b5 !important;border-left-style: solid !important;border-right-color: #b5b5b5 !important;border-right-style: solid !important;border-top-color: #b5b5b5 !important;border-top-style: solid !important;border-bottom-color: #b5b5b5 !important;border-bottom-style: solid !important;}\u00bb][vc_column_inner width=\u00bb1\/2&#8243;][vc_column_text] RESUMEN DE LA ETAPA Distancia recorrida:\u00a044 km Altura m\u00e1xima:\u00a0938m Ascenci\u00f3n acumulada:\u00a0997m [\/vc_column_text][\/vc_column_inner][vc_column_inner width=\u00bb1\/2&#8243;][vc_column_text]&hellip;<\/p>\n","protected":false},"author":2,"featured_media":0,"parent":14612,"menu_order":0,"comment_status":"closed","ping_status":"closed","template":"template-full-width.php","meta":{"_acf_changed":false,"footnotes":""},"class_list":["post-14705","page","type-page","status-publish","hentry"],"acf":[],"_links":{"self":[{"href":"https:\/\/www.camioliba.cat\/es\/wp-json\/wp\/v2\/pages\/14705","targetHints":{"allow":["GET"]}}],"collection":[{"href":"https:\/\/www.camioliba.cat\/es\/wp-json\/wp\/v2\/pages"}],"about":[{"href":"https:\/\/www.camioliba.cat\/es\/wp-json\/wp\/v2\/types\/page"}],"author":[{"embeddable":true,"href":"https:\/\/www.camioliba.cat\/es\/wp-json\/wp\/v2\/users\/2"}],"replies":[{"embeddable":true,"href":"https:\/\/www.camioliba.cat\/es\/wp-json\/wp\/v2\/comments?post=14705"}],"version-history":[{"count":3,"href":"https:\/\/www.camioliba.cat\/es\/wp-json\/wp\/v2\/pages\/14705\/revisions"}],"predecessor-version":[{"id":14912,"href":"https:\/\/www.camioliba.cat\/es\/wp-json\/wp\/v2\/pages\/14705\/revisions\/14912"}],"up":[{"embeddable":true,"href":"https:\/\/www.camioliba.cat\/es\/wp-json\/wp\/v2\/pages\/14612"}],"wp:attachment":[{"href":"https:\/\/www.camioliba.cat\/es\/wp-json\/wp\/v2\/media?parent=14705"}],"curies":[{"name":"wp","href":"https:\/\/api.w.org\/{rel}","templated":true}]}}

Etapa2: ARTÉS-VIC

<div class="wpb-content-wrapper"><p>[vc_row][vc_column][vc_empty_space height=»52px»][/vc_column][/vc_row][vc_row][vc_column width=»1/4&#8243;][vc_empty_space][vc_column_text]</p>
<h3>EN BICICLETA</h3>
<h3></h3>
<p>[/vc_column_text][vc_wp_custommenu nav_menu=»92&#8243;][/vc_column][vc_column width=»3/4&#8243;][vc_row_inner css=».vc_custom_1487588772808{border-top-width: 1px !important;border-right-width: 1px !important;border-bottom-width: 1px !important;border-left-width: 1px !important;padding-top: 0px !important;padding-right: 15px !important;padding-bottom: 15px !important;padding-left: 15px !important;border-left-color: #b5b5b5 !important;border-left-style: solid !important;border-right-color: #b5b5b5 !important;border-right-style: solid !important;border-top-color: #b5b5b5 !important;border-top-style: solid !important;border-bottom-color: #b5b5b5 !important;border-bottom-style: solid !important;}»][vc_column_inner width=»1/2&#8243;][vc_column_text]</p>
<h3>RESUMEN DE LA ETAPA</h3>
<p><b>Distancia recorrida:</b> 44 km<br />
<b>Altura máxima:</b> 938m<br />
<b>Ascención acumulada:</b> 997m</p>
<h3></h3>
<p>[/vc_column_text][/vc_column_inner][vc_column_inner width=»1/2&#8243;][vc_column_text]</p>
<h3>FICHA TÉCNICA</h3>
<ul>
<li><a href="https://www.camioliba.cat/tracks/etapa1/T1Montserrat-Manresa.gpx" target="_blank" rel="noopener noreferrer">Descarrega&#8217;t el track</a></li>
</ul>
<h3></h3>
<p>[/vc_column_text][/vc_column_inner][/vc_row_inner][vc_empty_space][vc_column_text]</p>
<h3 class="titol2">DESCRIPCIÓN GENERAL</h3>
<div id="descripcio">
<p>Salida de Artés para comenzar con una subida por una zona de bosque hasta llegar al pueblo de l&#8217;Estany. A continuación un pequeño descenso para tomar una subida hasta el punto más alto de la ruta, ubicado al quilómetro 27. A partir de este punto empezaremos a bajar hasta el punto de destino, pasando por el pueblo de Santa Eulàlia de Riuprimer hasta llegar a la Plaza Major de Vic, uno de los atractivos de la capital de Osona.</p>
</div>
<h2 class="titol2"></h2>
<p>[/vc_column_text][vc_row_inner][vc_column_inner width=»1/2&#8243;][vc_column_text]</p>
<h3 class="titol2">RECORRIDO</h3>
<div id="descripcio"></div>
<p>[/vc_column_text][vc_gmaps link=»#E-8_JTNDaWZyYW1lJTIwc3JjJTNEJTIyaHR0cHMlM0ElMkYlMkZ3d3cuZ29vZ2xlLmNvbSUyRm1hcHMlMkZkJTJGZW1iZWQlM0ZtaWQlM0QxZjIyUVlXM3gtcjI5TGRKRnRZbDA2dU5DN21qazYxUzIlMjIlMjB3aWR0aCUzRCUyMjY0MCUyMiUyMGhlaWdodCUzRCUyMjQ4MCUyMiUzRSUzQyUyRmlmcmFtZSUzRQ==»][/vc_column_inner][/vc_row_inner][vc_separator][vc_column_text]</p>
<h3 class="titol2">PERFIL</h3>
<div id="descripcio"></div>
<p>[/vc_column_text][vc_single_image image=»14782&#8243; img_size=»907 × 529&#8243; onclick=»link_image»][vc_empty_space][vc_column_text]</p>
<h3 class="titol2">GALERÍA DE IMÁGENES</h3>
<div id="descripcio"></div>
<p>[/vc_column_text][vc_gallery type=»image_grid» images=»10424,10426,10427,10428,10429,10430,10431,10432,10433,10434,10435&#8243; img_size=»100X100&#8243;][/vc_column][/vc_row]</p>
</div>

<p>[vc_row][vc_column][vc_empty_space height=»52px»][/vc_column][/vc_row][vc_row][vc_column width=»1/4&#8243;][vc_empty_space][vc_column_text] EN BICICLETA [/vc_column_text][vc_wp_custommenu nav_menu=»92&#8243;][/vc_column][vc_column width=»3/4&#8243;][vc_row_inner css=».vc_custom_1487588772808{border-top-width: 1px !important;border-right-width: 1px !important;border-bottom-width: 1px !important;border-left-width: 1px !important;padding-top: 0px !important;padding-right: 15px !important;padding-bottom: 15px !important;padding-left: 15px !important;border-left-color: #b5b5b5 !important;border-left-style: solid !important;border-right-color: #b5b5b5 !important;border-right-style: solid !important;border-top-color: #b5b5b5 !important;border-top-style: solid !important;border-bottom-color: #b5b5b5 !important;border-bottom-style: solid !important;}»][vc_column_inner width=»1/2&#8243;][vc_column_text] RESUMEN DE LA ETAPA Distancia recorrida: 44 km Altura máxima: 938m Ascención acumulada: 997m [/vc_column_text][/vc_column_inner][vc_column_inner width=»1/2&#8243;][vc_column_text]&hellip;</p>
