{"id":14603,"date":"2019-11-12T12:38:33","date_gmt":"2019-11-12T12:38:33","guid":{"rendered":"http:\/\/www.camioliba.cat\/en-cotxe\/etapa2-alternativa\/"},"modified":"2020-01-16T10:00:03","modified_gmt":"2020-01-16T10:00:03","slug":"etapa2-alternativa","status":"publish","type":"page","link":"https:\/\/www.camioliba.cat\/es\/en-coche\/etapa2-alternativa\/","title":{"rendered":"Etapa2 alternativa"},"content":{"rendered":"<div class=\"wpb-content-wrapper\"><p>[vc_row][vc_column width=\u00bb1\/6&#8243;][vc_empty_space][vc_wp_custommenu nav_menu=\u00bb91&#8243;][vc_empty_space][\/vc_column][vc_column width=\u00bb5\/6&#8243;][vc_empty_space][vc_single_image image=\u00bb10465&#8243; img_size=\u00bbfull\u00bb][vc_empty_space][vc_column_text]<\/p>\n<h2><strong>TRAM de la RUTA VARIANTE:<\/strong><\/h2>\n<p>[\/vc_column_text][vc_column_text]<\/p>\n<h4><strong>Tavertet<\/strong>\u00a0\u00b7\u00a0<strong>Sant Joan de les Abadesses<\/strong><\/h4>\n<p><strong>Distancia y tiempo:<\/strong>\u00a0Tavertet-L\u2019Esquirol (22,1km-41min) | L\u2019Esquirol-Sant Pere de Torell\u00f3 (35,5km-1h 7min) | Sant Pere de Torell\u00f3-Sant Joan de les Abadesses (65,1km-1h 31min)[\/vc_column_text][vc_empty_space][\/vc_column][\/vc_row][vc_row][vc_column width=\u00bb1\/6&#8243;][\/vc_column][vc_column width=\u00bb5\/6&#8243;][vc_row_inner][vc_column_inner width=\u00bb2\/3&#8243;][vc_column_text]<\/p>\n<h3><strong>IGLESIA DE SANT CRIST\u00d2FOL DE TAVERTET<\/strong><\/h3>\n<p>[\/vc_column_text][vc_empty_space][vc_column_text]<\/p>\n<ul>\n<li><strong>Direcci\u00f3n:<\/strong>\u00a0Carrer del Mig, 2, 08511 Tavertet, Barcelona<\/li>\n<li><strong>Contacto:<\/strong>\u00a0938 565 079 |\u00a0<a href=\"mailto:tavertet@diba.cat\">tavertet@diba.cat<\/a>\u00a0|\u00a0<a href=\"http:\/\/www.tavertet.cat\/\">www.tavertet.cat<\/a><\/li>\n<li><strong>Coordenadas GPS:<\/strong>N 41\u00ba 59\u2019 44.865\u201d\u00a0\u00a0 E 2\u00ba 25\u2019 1.103&#8243;<\/li>\n<\/ul>\n<p>[\/vc_column_text][\/vc_column_inner][vc_column_inner width=\u00bb1\/3&#8243;][vc_single_image image=\u00bb14645&#8243; img_size=\u00bb500 \u00d7 332&#8243;][\/vc_column_inner][\/vc_row_inner][vc_tta_tabs][vc_tta_section title=\u00bbDescripci\u00f3n\u00bb tab_id=\u00bb1572867300050-ecf084b9-c62e4a67-8915&#8243;][vc_row_inner][vc_column_inner][vc_column_text]De la catedral consagrada por el obispo Oliba (1038) permanecen el campanario, el m\u00e1s alto del rom\u00e1nico catal\u00e1n, y la cripta. En el subsuelo se encuentran los restos arqueol\u00f3gicos de Santa Maria la Rodona.<\/p>\n<p>La decoraci\u00f3n mural de la nave central, la obra de mayor magnitud de Josep M. Sert, enriquece el valor art\u00edstico de todo el conjunto.[\/vc_column_text][\/vc_column_inner][\/vc_row_inner][\/vc_tta_section][vc_tta_section title=\u00bbInformaci\u00f3n pr\u00e1ctica\u00bb tab_id=\u00bb1572867300194-5c57fed2-49d54a67-8915&#8243;][vc_row_inner][vc_column_inner][vc_column_text]<u>Aparcamiento:<\/u> P\u00e1rquing gratuito y de pago en los alrededores.<\/p>\n<p><u>Servicios cercanos<\/u>: La iglesia se encuentra en el centro de la ciudad, por la cual cosa es f\u00e1cil disponer de servicios cercanos: bares, restaurantes, alojamiento, comercios&#8230;<\/p>\n<p><u>Precio entrada:<\/u><\/p>\n<p>Entrada libre en la Nave Central<br \/>\nEntrada en la Cripta rom\u00e1nica, Retablo mayor y en el Claustro g\u00f3tico: 3\u20ac por persona<br \/>\nMenores de edad, personas jubiladas y grupos a partir de 10 personas: 1\u20ac per persona<\/p>\n<p><u>Horarios<\/u>:<\/p>\n<p>Cada d\u00eda, de 10.00 a 13.00h y de 16.00 a 19.00h<\/p>\n<p>En Vic, adem\u00e1s, podr\u00e1s descubrir la plaza del Mercadal, el Templo Romano, el Castillo de los Montcada as\u00ed com el Museo Episcopal de Vic, uno de los grandes referentes europeos del arte rom\u00e1nico, y dedica un espacio propio al obispo y abad Oliba. \u00a0Para m\u00e1s informaci\u00f3n visita <a href=\"http:\/\/www.victurisme.cat\">www.victurisme.cat<\/a>[\/vc_column_text][vc_empty_space height=\u00bb16px\u00bb][\/vc_column_inner][\/vc_row_inner][\/vc_tta_section][\/vc_tta_tabs][vc_empty_space][\/vc_column][\/vc_row][vc_row][vc_column width=\u00bb1\/6&#8243;][\/vc_column][vc_column width=\u00bb5\/6&#8243;][vc_row_inner][vc_column_inner width=\u00bb2\/3&#8243;][vc_column_text]<\/p>\n<h2><strong>MONASTERIO DE SANT JOAN DE LES ABADESSES<\/strong><\/h2>\n<p>[\/vc_column_text][vc_empty_space][vc_column_text]<\/p>\n<ul>\n<li><strong>Direcci\u00f3n:<\/strong> Pl. de l\u2019Abadia, s\/n \u2013 17860 Sant Joan de les Abadesses, Girona<\/li>\n<li><strong>Contacto:<\/strong>972 722 353 | <a href=\"mailto:info@monestirsantjoanabadesses.cat\">info@monestirsantjoanabadesses.cat<\/a> | <a href=\"http:\/\/www.monestirsantjoanabadesses.cat\">www.monestirsantjoanabadesses.cat<\/a><\/li>\n<li><strong>Coordenadas GPS: <\/strong>N42\u00ba 13\u2019 57.591\u201d\u00a0\u00a0 E 2\u00ba 17\u2019 9.941\u201d<\/li>\n<\/ul>\n<p>[\/vc_column_text][\/vc_column_inner][vc_column_inner width=\u00bb1\/3&#8243;][vc_single_image image=\u00bb13162&#8243; img_size=\u00bb500 \u00d7 332&#8243;][\/vc_column_inner][\/vc_row_inner][vc_tta_tabs][vc_tta_section title=\u00bbDescripci\u00f3n\u00bb tab_id=\u00bb1573512451461-9e762318-d69f\u00bb][vc_row_inner][vc_column_inner][vc_column_text]Su iglesia es una de las joyas del rom\u00e1nico catal\u00e1n, y el Sant\u00edsimo Misterio, un motivo hist\u00f3rico de peregrinaje. Fundado en 885 por Guifr\u00e9 el Peloso y dirigido por su propia hija, Emma, el abad Oliba influy\u00f3 porque el cenobio dejara de ser femenino en acusar las monjas de llevar una vida deshonesta.[\/vc_column_text][\/vc_column_inner][\/vc_row_inner][\/vc_tta_section][vc_tta_section title=\u00bbInformaci\u00f3n pr\u00e1ctica\u00bb tab_id=\u00bb1573512451660-e62da14f-587f\u00bb][vc_row_inner][vc_column_inner][vc_column_text]<u>Aparcamiento:<\/u> P\u00e1rquing gratuito.<\/p>\n<p><u>Servicios cercanos<\/u>: El monasterio est\u00e1 ubicado en el centro del pueblo, por lo que se pueden encontrar alojamientos, restaurantes y comercios cercanos al recurso.<\/p>\n<p><u>Precio entrada:<\/u><\/p>\n<p>Entrada general: 3\u20ac<\/p>\n<p>Entrada reducida (grupos, escolares y jubilados) : 2\u20ac<\/p>\n<p>Entrada gratuita por los ni\u00f1os menores de 12 a\u00f1os<\/p>\n<p><u>Horarios<\/u>:<\/p>\n<p>Noviembre, diciembre, enero y febrero: Laborables de 10 a 2. S\u00e1bados y festivos de 10 a 2 y de 4 a 6<br \/>\nMarzo, abril y octubre: Laborables, s\u00e1bados y festivos de 10 a 2 y de 4 a 6<br \/>\nMayo, junio y septiembre: Laborables, s\u00e1bados y festivos de 10 a 2 y de 4 a 7<br \/>\nJulio y agosto: Laborables, s\u00e1bados y festivos de 10 a 7<\/p>\n<p><u>Otros:<\/u><\/p>\n<p>En Sant Joan de les Abadesses, adem\u00e1s, podr\u00e1s descubrir el Palacio de la Abad\u00eda, la Poza de Malatosca&#8230; Para m\u00e1s informaci\u00f3n visita <a href=\"http:\/\/www.santjoandelesabadesses.cat\">www.santjoandelesabadesses.cat<\/a><\/p>\n<p>Para visitas de grupo guiadas es necesario reservar previamente.[\/vc_column_text][vc_empty_space height=\u00bb16px\u00bb][\/vc_column_inner][\/vc_row_inner][\/vc_tta_section][\/vc_tta_tabs][vc_empty_space][\/vc_column][\/vc_row][vc_row][vc_column width=\u00bb1\/6&#8243;][\/vc_column][vc_column width=\u00bb5\/6&#8243;][vc_row_inner][vc_column_inner width=\u00bb2\/3&#8243;][vc_column_text]<\/p>\n<h3><strong>OTROS PUNTOS DE PARADA RECOMENDABLES<\/strong><\/h3>\n<p>[\/vc_column_text][\/vc_column_inner][\/vc_row_inner][vc_tta_tabs][vc_tta_section title=\u00bbElementos patrimoniales\u00bb tab_id=\u00bb1573512624392-eb9cad5a-042a\u00bb][vc_row_inner][vc_column_inner][vc_column_text]<strong>Iglesia rom\u00e1nica de Sant Joan de F\u00e0bregas:<\/strong> Edificio rom\u00e1nico situado a unos 800 metros, justo a la cima del salto de agua de Sallent y cerca de la pista que va\u00a0 de Rupit a Vilanova de Sau. Es seguramente el edificio rom\u00e1nico m\u00e1s bonito de la comarca. Durante los terremotos de 1427 qued\u00f3 da\u00f1ado pero se restaur\u00f3 en 1978. Se puede llegar con coche por el camino de\u00a0Sant Joan de F\u00e0bregues por la pista que va de Rupit a Sau.[\/vc_column_text][\/vc_column_inner][\/vc_row_inner][\/vc_tta_section][vc_tta_section title=\u00bbElementos naturales\u00bb tab_id=\u00bb1573512624607-2de0fc5f-189e\u00bb][vc_row_inner][vc_column_inner][vc_column_text]<\/p>\n<div class=\"wpb_text_column wpb_content_element \">\n<div class=\"wpb_wrapper\">\n<p><strong>Rupit, un pueblo de postal con or\u00edgenes medievales:<\/strong> El pueblo a\u00fan conserva el aspecto encantador de sus casas de piedra de los siglos XVI-XVII. La mayor\u00eda de los dinteles del\u00a0 municipio son de \u00e9poca barroca, per\u00edodo de m\u00e1xima esplendor de Rupit. No obstante, aquello que llama la atenci\u00f3n a simple vista es la gran pe\u00f1a que lo domina. El incomparable entorno que ofrece la panor\u00e1mica del Collsacabra hace que Rupt se integre en el paisaje de una manera natural.<\/p>\n<p><strong>N\u00facleo medieval de<\/strong><strong>\u00a0Vallfogona de Ripoll\u00e8s:<\/strong> Es un conjunto arquitect\u00f3nico de gran inter\u00e9s, caracterizado por una plaza central alrededor de la cual y de forma circular se construyeron las casas. Antiguamente este n\u00facleo estaba amurallado y su interior s\u00f3lo era accesible mediante tres antiguos portales: el portal de la Muralla, en tramuntana; el de poniente, que daba acceso al antiguo camino de Ripoll y el que segu\u00eda en su camino hacia el castillo de Milany, Siuret y Vidr\u00e0, pasando por el puente medieval del siglo XIV.<\/p>\n<\/div>\n<\/div>\n<p>[\/vc_column_text][vc_empty_space height=\u00bb16px\u00bb][\/vc_column_inner][\/vc_row_inner][\/vc_tta_section][\/vc_tta_tabs][vc_empty_space][\/vc_column][\/vc_row]<\/p>\n<\/div>","protected":false},"excerpt":{"rendered":"<p>[vc_row][vc_column width=\u00bb1\/6&#8243;][vc_empty_space][vc_wp_custommenu nav_menu=\u00bb91&#8243;][vc_empty_space][\/vc_column][vc_column width=\u00bb5\/6&#8243;][vc_empty_space][vc_single_image image=\u00bb10465&#8243; img_size=\u00bbfull\u00bb][vc_empty_space][vc_column_text] TRAM de la RUTA VARIANTE: [\/vc_column_text][vc_column_text] Tavertet\u00a0\u00b7\u00a0Sant Joan de les Abadesses Distancia y tiempo:\u00a0Tavertet-L\u2019Esquirol (22,1km-41min) | L\u2019Esquirol-Sant Pere de Torell\u00f3 (35,5km-1h 7min) | Sant Pere de Torell\u00f3-Sant Joan de les Abadesses (65,1km-1h 31min)[\/vc_column_text][vc_empty_space][\/vc_column][\/vc_row][vc_row][vc_column width=\u00bb1\/6&#8243;][\/vc_column][vc_column width=\u00bb5\/6&#8243;][vc_row_inner][vc_column_inner width=\u00bb2\/3&#8243;][vc_column_text] IGLESIA DE SANT CRIST\u00d2FOL DE TAVERTET [\/vc_column_text][vc_empty_space][vc_column_text] Direcci\u00f3n:\u00a0Carrer del Mig, 2, 08511 Tavertet,&hellip;<\/p>\n","protected":false},"author":2,"featured_media":0,"parent":14594,"menu_order":0,"comment_status":"closed","ping_status":"closed","template":"template-full-width.php","meta":{"_acf_changed":false,"footnotes":""},"class_list":["post-14603","page","type-page","status-publish","hentry"],"acf":[],"_links":{"self":[{"href":"https:\/\/www.camioliba.cat\/es\/wp-json\/wp\/v2\/pages\/14603","targetHints":{"allow":["GET"]}}],"collection":[{"href":"https:\/\/www.camioliba.cat\/es\/wp-json\/wp\/v2\/pages"}],"about":[{"href":"https:\/\/www.camioliba.cat\/es\/wp-json\/wp\/v2\/types\/page"}],"author":[{"embeddable":true,"href":"https:\/\/www.camioliba.cat\/es\/wp-json\/wp\/v2\/users\/2"}],"replies":[{"embeddable":true,"href":"https:\/\/www.camioliba.cat\/es\/wp-json\/wp\/v2\/comments?post=14603"}],"version-history":[{"count":9,"href":"https:\/\/www.camioliba.cat\/es\/wp-json\/wp\/v2\/pages\/14603\/revisions"}],"predecessor-version":[{"id":15106,"href":"https:\/\/www.camioliba.cat\/es\/wp-json\/wp\/v2\/pages\/14603\/revisions\/15106"}],"up":[{"embeddable":true,"href":"https:\/\/www.camioliba.cat\/es\/wp-json\/wp\/v2\/pages\/14594"}],"wp:attachment":[{"href":"https:\/\/www.camioliba.cat\/es\/wp-json\/wp\/v2\/media?parent=14603"}],"curies":[{"name":"wp","href":"https:\/\/api.w.org\/{rel}","templated":true}]}}

<div class="wpb-content-wrapper"><p>[vc_row][vc_column width=»1/6&#8243;][vc_empty_space][vc_wp_custommenu nav_menu=»91&#8243;][vc_empty_space][/vc_column][vc_column width=»5/6&#8243;][vc_empty_space][vc_single_image image=»10465&#8243; img_size=»full»][vc_empty_space][vc_column_text]</p>
<h2><strong>TRAM de la RUTA VARIANTE:</strong></h2>
<p>[/vc_column_text][vc_column_text]</p>
<h4><strong>Tavertet</strong> · <strong>Sant Joan de les Abadesses</strong></h4>
<p><strong>Distancia y tiempo:</strong> Tavertet-L’Esquirol (22,1km-41min) | L’Esquirol-Sant Pere de Torelló (35,5km-1h 7min) | Sant Pere de Torelló-Sant Joan de les Abadesses (65,1km-1h 31min)[/vc_column_text][vc_empty_space][/vc_column][/vc_row][vc_row][vc_column width=»1/6&#8243;][/vc_column][vc_column width=»5/6&#8243;][vc_row_inner][vc_column_inner width=»2/3&#8243;][vc_column_text]</p>
<h3><strong>IGLESIA DE SANT CRISTÒFOL DE TAVERTET</strong></h3>
<p>[/vc_column_text][vc_empty_space][vc_column_text]</p>
<ul>
<li><strong>Dirección:</strong> Carrer del Mig, 2, 08511 Tavertet, Barcelona</li>
<li><strong>Contacto:</strong> 938 565 079 | <a href="mailto:tavertet@diba.cat">tavertet@diba.cat</a> | <a href="http://www.tavertet.cat/">www.tavertet.cat</a></li>
<li><strong>Coordenadas GPS:</strong>N 41º 59’ 44.865”   E 2º 25’ 1.103&#8243;</li>
</ul>
<p>[/vc_column_text][/vc_column_inner][vc_column_inner width=»1/3&#8243;][vc_single_image image=»14645&#8243; img_size=»500 × 332&#8243;][/vc_column_inner][/vc_row_inner][vc_tta_tabs][vc_tta_section title=»Descripción» tab_id=»1572867300050-ecf084b9-c62e4a67-8915&#8243;][vc_row_inner][vc_column_inner][vc_column_text]De la catedral consagrada por el obispo Oliba (1038) permanecen el campanario, el más alto del románico catalán, y la cripta. En el subsuelo se encuentran los restos arqueológicos de Santa Maria la Rodona.</p>
<p>La decoración mural de la nave central, la obra de mayor magnitud de Josep M. Sert, enriquece el valor artístico de todo el conjunto.[/vc_column_text][/vc_column_inner][/vc_row_inner][/vc_tta_section][vc_tta_section title=»Información práctica» tab_id=»1572867300194-5c57fed2-49d54a67-8915&#8243;][vc_row_inner][vc_column_inner][vc_column_text]<u>Aparcamiento:</u> Párquing gratuito y de pago en los alrededores.</p>
<p><u>Servicios cercanos</u>: La iglesia se encuentra en el centro de la ciudad, por la cual cosa es fácil disponer de servicios cercanos: bares, restaurantes, alojamiento, comercios&#8230;</p>
<p><u>Precio entrada:</u></p>
<p>Entrada libre en la Nave Central<br />
Entrada en la Cripta románica, Retablo mayor y en el Claustro gótico: 3€ por persona<br />
Menores de edad, personas jubiladas y grupos a partir de 10 personas: 1€ per persona</p>
<p><u>Horarios</u>:</p>
<p>Cada día, de 10.00 a 13.00h y de 16.00 a 19.00h</p>
<p>En Vic, además, podrás descubrir la plaza del Mercadal, el Templo Romano, el Castillo de los Montcada así com el Museo Episcopal de Vic, uno de los grandes referentes europeos del arte románico, y dedica un espacio propio al obispo y abad Oliba.  Para más información visita <a href="http://www.victurisme.cat">www.victurisme.cat</a>[/vc_column_text][vc_empty_space height=»16px»][/vc_column_inner][/vc_row_inner][/vc_tta_section][/vc_tta_tabs][vc_empty_space][/vc_column][/vc_row][vc_row][vc_column width=»1/6&#8243;][/vc_column][vc_column width=»5/6&#8243;][vc_row_inner][vc_column_inner width=»2/3&#8243;][vc_column_text]</p>
<h2><strong>MONASTERIO DE SANT JOAN DE LES ABADESSES</strong></h2>
<p>[/vc_column_text][vc_empty_space][vc_column_text]</p>
<ul>
<li><strong>Dirección:</strong> Pl. de l’Abadia, s/n – 17860 Sant Joan de les Abadesses, Girona</li>
<li><strong>Contacto:</strong>972 722 353 | <a href="mailto:info@monestirsantjoanabadesses.cat">info@monestirsantjoanabadesses.cat</a> | <a href="http://www.monestirsantjoanabadesses.cat">www.monestirsantjoanabadesses.cat</a></li>
<li><strong>Coordenadas GPS: </strong>N42º 13’ 57.591”   E 2º 17’ 9.941”</li>
</ul>
<p>[/vc_column_text][/vc_column_inner][vc_column_inner width=»1/3&#8243;][vc_single_image image=»13162&#8243; img_size=»500 × 332&#8243;][/vc_column_inner][/vc_row_inner][vc_tta_tabs][vc_tta_section title=»Descripción» tab_id=»1573512451461-9e762318-d69f»][vc_row_inner][vc_column_inner][vc_column_text]Su iglesia es una de las joyas del románico catalán, y el Santísimo Misterio, un motivo histórico de peregrinaje. Fundado en 885 por Guifré el Peloso y dirigido por su propia hija, Emma, el abad Oliba influyó porque el cenobio dejara de ser femenino en acusar las monjas de llevar una vida deshonesta.[/vc_column_text][/vc_column_inner][/vc_row_inner][/vc_tta_section][vc_tta_section title=»Información práctica» tab_id=»1573512451660-e62da14f-587f»][vc_row_inner][vc_column_inner][vc_column_text]<u>Aparcamiento:</u> Párquing gratuito.</p>
<p><u>Servicios cercanos</u>: El monasterio está ubicado en el centro del pueblo, por lo que se pueden encontrar alojamientos, restaurantes y comercios cercanos al recurso.</p>
<p><u>Precio entrada:</u></p>
<p>Entrada general: 3€</p>
<p>Entrada reducida (grupos, escolares y jubilados) : 2€</p>
<p>Entrada gratuita por los niños menores de 12 años</p>
<p><u>Horarios</u>:</p>
<p>Noviembre, diciembre, enero y febrero: Laborables de 10 a 2. Sábados y festivos de 10 a 2 y de 4 a 6<br />
Marzo, abril y octubre: Laborables, sábados y festivos de 10 a 2 y de 4 a 6<br />
Mayo, junio y septiembre: Laborables, sábados y festivos de 10 a 2 y de 4 a 7<br />
Julio y agosto: Laborables, sábados y festivos de 10 a 7</p>
<p><u>Otros:</u></p>
<p>En Sant Joan de les Abadesses, además, podrás descubrir el Palacio de la Abadía, la Poza de Malatosca&#8230; Para más información visita <a href="http://www.santjoandelesabadesses.cat">www.santjoandelesabadesses.cat</a></p>
<p>Para visitas de grupo guiadas es necesario reservar previamente.[/vc_column_text][vc_empty_space height=»16px»][/vc_column_inner][/vc_row_inner][/vc_tta_section][/vc_tta_tabs][vc_empty_space][/vc_column][/vc_row][vc_row][vc_column width=»1/6&#8243;][/vc_column][vc_column width=»5/6&#8243;][vc_row_inner][vc_column_inner width=»2/3&#8243;][vc_column_text]</p>
<h3><strong>OTROS PUNTOS DE PARADA RECOMENDABLES</strong></h3>
<p>[/vc_column_text][/vc_column_inner][/vc_row_inner][vc_tta_tabs][vc_tta_section title=»Elementos patrimoniales» tab_id=»1573512624392-eb9cad5a-042a»][vc_row_inner][vc_column_inner][vc_column_text]<strong>Iglesia románica de Sant Joan de Fàbregas:</strong> Edificio románico situado a unos 800 metros, justo a la cima del salto de agua de Sallent y cerca de la pista que va  de Rupit a Vilanova de Sau. Es seguramente el edificio románico más bonito de la comarca. Durante los terremotos de 1427 quedó dañado pero se restauró en 1978. Se puede llegar con coche por el camino de Sant Joan de Fàbregues por la pista que va de Rupit a Sau.[/vc_column_text][/vc_column_inner][/vc_row_inner][/vc_tta_section][vc_tta_section title=»Elementos naturales» tab_id=»1573512624607-2de0fc5f-189e»][vc_row_inner][vc_column_inner][vc_column_text]</p>
<div class="wpb_text_column wpb_content_element ">
<div class="wpb_wrapper">
<p><strong>Rupit, un pueblo de postal con orígenes medievales:</strong> El pueblo aún conserva el aspecto encantador de sus casas de piedra de los siglos XVI-XVII. La mayoría de los dinteles del  municipio son de época barroca, período de máxima esplendor de Rupit. No obstante, aquello que llama la atención a simple vista es la gran peña que lo domina. El incomparable entorno que ofrece la panorámica del Collsacabra hace que Rupt se integre en el paisaje de una manera natural.</p>
<p><strong>Núcleo medieval de</strong><strong> Vallfogona de Ripollès:</strong> Es un conjunto arquitectónico de gran interés, caracterizado por una plaza central alrededor de la cual y de forma circular se construyeron las casas. Antiguamente este núcleo estaba amurallado y su interior sólo era accesible mediante tres antiguos portales: el portal de la Muralla, en tramuntana; el de poniente, que daba acceso al antiguo camino de Ripoll y el que seguía en su camino hacia el castillo de Milany, Siuret y Vidrà, pasando por el puente medieval del siglo XIV.</p>
</div>
</div>
<p>[/vc_column_text][vc_empty_space height=»16px»][/vc_column_inner][/vc_row_inner][/vc_tta_section][/vc_tta_tabs][vc_empty_space][/vc_column][/vc_row]</p>
</div>

<p>[vc_row][vc_column width=»1/6&#8243;][vc_empty_space][vc_wp_custommenu nav_menu=»91&#8243;][vc_empty_space][/vc_column][vc_column width=»5/6&#8243;][vc_empty_space][vc_single_image image=»10465&#8243; img_size=»full»][vc_empty_space][vc_column_text] TRAM de la RUTA VARIANTE: [/vc_column_text][vc_column_text] Tavertet · Sant Joan de les Abadesses Distancia y tiempo: Tavertet-L’Esquirol (22,1km-41min) | L’Esquirol-Sant Pere de Torelló (35,5km-1h 7min) | Sant Pere de Torelló-Sant Joan de les Abadesses (65,1km-1h 31min)[/vc_column_text][vc_empty_space][/vc_column][/vc_row][vc_row][vc_column width=»1/6&#8243;][/vc_column][vc_column width=»5/6&#8243;][vc_row_inner][vc_column_inner width=»2/3&#8243;][vc_column_text] IGLESIA DE SANT CRISTÒFOL DE TAVERTET [/vc_column_text][vc_empty_space][vc_column_text] Dirección: Carrer del Mig, 2, 08511 Tavertet,&hellip;</p>
