{"id":14594,"date":"2019-11-01T11:26:56","date_gmt":"2019-11-01T11:26:56","guid":{"rendered":"http:\/\/www.camioliba.cat\/en-cotxe\/"},"modified":"2019-11-17T15:33:39","modified_gmt":"2019-11-17T15:33:39","slug":"en-coche","status":"publish","type":"page","link":"https:\/\/www.camioliba.cat\/es\/en-coche\/","title":{"rendered":"En coche"},"content":{"rendered":"<div class=\"wpb-content-wrapper\"><p>[vc_row][vc_column][vc_empty_space height=\u00bb42px\u00bb][\/vc_column][\/vc_row][vc_row][vc_column width=\u00bb1\/4&#8243;][vc_column_text el_class=\u00bbenllacos\u00bb]<\/p>\n<div class=\"titol-p\">ETAPA 1<\/div>\n<div class=\"subtitol-p\"><a href=\"https:\/\/www.camioliba.cat\/es\/en-cotxe\/etapa1\/\">MONTSERRAT (BAGES) \u2013 VIC (OSONA)<\/a><\/div>\n<p>[\/vc_column_text][vc_empty_space height=\u00bb35px\u00bb][vc_single_image image=\u00bb11230&#8243; img_size=\u00bbfull\u00bb][vc_empty_space height=\u00bb12px\u00bb][vc_column_text]<\/p>\n<div class=\"desc\">\n<p><em>86 Km \/ 1.791 m positius \/ 2.051 m negatius \/ 3 jornades<br \/>\n<\/em><br \/>\nCoincideix amb el cam\u00ed de Sant Jaume i est\u00e0 plantejat en cinc etapes de mitja jornada. S\u2019inicia a Manresa i posteriorment ermet deixar el cam\u00ed per endinsar-se fins a la Seu de Manresa. Al reprendre al cam\u00ed es continua cap a Navarcles i es creua per la vinya del Pla de Bages ?ns arribar a municipis com Art\u00e9s i l\u2019Estany. L\u2019etapa culmina amb l\u2019arribada a Vic, una ciutat que t\u00e9 una estructura medieval i conserva diversos testimonis d\u2019aquesta \u00e8poca.<\/p>\n<\/div>\n<p>[\/vc_column_text][\/vc_column][vc_column width=\u00bb1\/4&#8243;][vc_column_text el_class=\u00bbenllacos\u00bb]<\/p>\n<div class=\"titol-p\">ETAPA 2<\/div>\n<div class=\"subtitol-p\"><a href=\"https:\/\/www.camioliba.cat\/es\/en-cotxe\/etapa2\/\">VIC (OSONA) \u2013 ST JOAN DE LES ABADESSES (RIPOLL\u00c8S)<\/a><\/div>\n<p>[\/vc_column_text][vc_empty_space height=\u00bb12px\u00bb][vc_single_image image=\u00bb11231&#8243; img_size=\u00bbfull\u00bb][vc_empty_space height=\u00bb12px\u00bb][vc_column_text]<em>16 Km \/ 5.011 m positius \/ 4.701 m negatius \/ 5 jornades<br \/>\n<\/em><br \/>\n\u00c9s el tram m\u00e9s llarg i exigent del Cam\u00ed Oliba, dividit en 10 etapes de mig dia. Travessa Folgueroles, poble de Verdaguer, abans d\u2019arribar a l\u2019emblem\u00e0tic monestir de Sant Pere de Casserres. Continua ? ns als monestirs de Santa Maria de Ripoll i Sant Joan de les Abadesses en un itinerari de mitja muntanya amb for\u00e7a desnivell, per\u00f2 amb vistes privilegiades: Collsacabra, el Montseny, el pant\u00e0 de Sau, les Guilleries, el Castell de Montesquiu, els cingles de Tavertet i una llista inacabable.[\/vc_column_text][\/vc_column][vc_column width=\u00bb1\/4&#8243;][vc_column_text el_class=\u00bbenllacos\u00bb]<\/p>\n<div class=\"titol-p\">ETAPA 3<\/div>\n<div class=\"subtitol-p\"><a href=\"https:\/\/www.camioliba.cat\/es\/en-cotxe\/etapa3\/\">RIPOLL (RIPOLL\u00c9S) \u2013SANT MIQUEL DE CUIX\u00c0 (FRAN\u00c7A)<\/a><\/div>\n<p>[\/vc_column_text][vc_empty_space height=\u00bb12px\u00bb][vc_single_image image=\u00bb11246&#8243; img_size=\u00bbfull\u00bb][vc_empty_space height=\u00bb12px\u00bb][vc_column_text]<em>39,5 Km \/ 1.912 m positius \/ 1.042 m negatius \/ 2 jornades<\/em><\/p>\n<p>Concebut en tres etapes de mig dia, aquest tram passa per municipis de muntanya com Camprodon i Moll\u00f3 i arriba a les basses de Puig Sec, un regal de la natura al mirador del Canig\u00f3, a la frontera amb Fran\u00e7a. Est\u00e0 projectat allargar el Cam\u00ed Oliba uns 50 Km ?ns al monestir de Sant Miquel de Cuix\u00e0 i, posteriorment, ?ns a Toluges (on Oliba hi va celebrar la primera assemblea de Pau i Treva).[\/vc_column_text][\/vc_column][vc_column width=\u00bb1\/4&#8243;][vc_column_text el_class=\u00bbenllacos\u00bb]<\/p>\n<div class=\"titol-p\">ETAPA 2<\/div>\n<div class=\"titol-p2\">RUTA ALTERNATIVA<\/div>\n<div class=\"subtitol-p\"><a href=\"https:\/\/www.camioliba.cat\/es\/en-cotxe\/etapa2-alternativa\/\">TRAM VARIANTE GR-151-1<\/a><\/div>\n<p>[\/vc_column_text][vc_empty_space height=\u00bb12px\u00bb][vc_single_image image=\u00bb11235&#8243; img_size=\u00bbfull\u00bb][vc_empty_space height=\u00bb12px\u00bb][vc_column_text]<em>54 Km \/ 1.870 m positius \/ 1.970 m negatius \/ 3 jornades<\/em><\/p>\n<p>\u00c9s una alternativa m\u00e9s assequible al segon tram a partir de Tavertet. De Rupit, un dels pobles de major bellesa del pa\u00eds, s\u2019encamina a Vidr\u00e0 passant pel Coll de Bracons, va cap a Vallfogona del Ripoll\u00e8s i es troba amb el cam\u00ed principal (GR151) a Sant Joan de les Abadesses.[\/vc_column_text][\/vc_column][\/vc_row][vc_row][vc_column][vc_empty_space][\/vc_column][\/vc_row]<\/p>\n<\/div>","protected":false},"excerpt":{"rendered":"<p>[vc_row][vc_column][vc_empty_space height=\u00bb42px\u00bb][\/vc_column][\/vc_row][vc_row][vc_column width=\u00bb1\/4&#8243;][vc_column_text el_class=\u00bbenllacos\u00bb] ETAPA 1 MONTSERRAT (BAGES) \u2013 VIC (OSONA) [\/vc_column_text][vc_empty_space height=\u00bb35px\u00bb][vc_single_image image=\u00bb11230&#8243; img_size=\u00bbfull\u00bb][vc_empty_space height=\u00bb12px\u00bb][vc_column_text] 86 Km \/ 1.791 m positius \/ 2.051 m negatius \/ 3 jornades Coincideix amb el cam\u00ed de Sant Jaume i est\u00e0 plantejat en cinc etapes de mitja jornada. S\u2019inicia a Manresa i posteriorment ermet deixar el cam\u00ed per&hellip;<\/p>\n","protected":false},"author":2,"featured_media":0,"parent":0,"menu_order":0,"comment_status":"closed","ping_status":"closed","template":"template-full-width.php","meta":{"_acf_changed":false,"footnotes":""},"class_list":["post-14594","page","type-page","status-publish","hentry"],"acf":[],"_links":{"self":[{"href":"https:\/\/www.camioliba.cat\/es\/wp-json\/wp\/v2\/pages\/14594","targetHints":{"allow":["GET"]}}],"collection":[{"href":"https:\/\/www.camioliba.cat\/es\/wp-json\/wp\/v2\/pages"}],"about":[{"href":"https:\/\/www.camioliba.cat\/es\/wp-json\/wp\/v2\/types\/page"}],"author":[{"embeddable":true,"href":"https:\/\/www.camioliba.cat\/es\/wp-json\/wp\/v2\/users\/2"}],"replies":[{"embeddable":true,"href":"https:\/\/www.camioliba.cat\/es\/wp-json\/wp\/v2\/comments?post=14594"}],"version-history":[{"count":2,"href":"https:\/\/www.camioliba.cat\/es\/wp-json\/wp\/v2\/pages\/14594\/revisions"}],"predecessor-version":[{"id":14763,"href":"https:\/\/www.camioliba.cat\/es\/wp-json\/wp\/v2\/pages\/14594\/revisions\/14763"}],"wp:attachment":[{"href":"https:\/\/www.camioliba.cat\/es\/wp-json\/wp\/v2\/media?parent=14594"}],"curies":[{"name":"wp","href":"https:\/\/api.w.org\/{rel}","templated":true}]}}

<div class="wpb-content-wrapper"><p>[vc_row][vc_column][vc_empty_space height=»42px»][/vc_column][/vc_row][vc_row][vc_column width=»1/4&#8243;][vc_column_text el_class=»enllacos»]</p>
<div class="titol-p">ETAPA 1</div>
<div class="subtitol-p"><a href="https://www.camioliba.cat/es/en-cotxe/etapa1/">MONTSERRAT (BAGES) – VIC (OSONA)</a></div>
<p>[/vc_column_text][vc_empty_space height=»35px»][vc_single_image image=»11230&#8243; img_size=»full»][vc_empty_space height=»12px»][vc_column_text]</p>
<div class="desc">
<p><em>86 Km / 1.791 m positius / 2.051 m negatius / 3 jornades<br />
</em><br />
Coincideix amb el camí de Sant Jaume i està plantejat en cinc etapes de mitja jornada. S’inicia a Manresa i posteriorment ermet deixar el camí per endinsar-se fins a la Seu de Manresa. Al reprendre al camí es continua cap a Navarcles i es creua per la vinya del Pla de Bages ?ns arribar a municipis com Artés i l’Estany. L’etapa culmina amb l’arribada a Vic, una ciutat que té una estructura medieval i conserva diversos testimonis d’aquesta època.</p>
</div>
<p>[/vc_column_text][/vc_column][vc_column width=»1/4&#8243;][vc_column_text el_class=»enllacos»]</p>
<div class="titol-p">ETAPA 2</div>
<div class="subtitol-p"><a href="https://www.camioliba.cat/es/en-cotxe/etapa2/">VIC (OSONA) – ST JOAN DE LES ABADESSES (RIPOLLÈS)</a></div>
<p>[/vc_column_text][vc_empty_space height=»12px»][vc_single_image image=»11231&#8243; img_size=»full»][vc_empty_space height=»12px»][vc_column_text]<em>16 Km / 5.011 m positius / 4.701 m negatius / 5 jornades<br />
</em><br />
És el tram més llarg i exigent del Camí Oliba, dividit en 10 etapes de mig dia. Travessa Folgueroles, poble de Verdaguer, abans d’arribar a l’emblemàtic monestir de Sant Pere de Casserres. Continua ? ns als monestirs de Santa Maria de Ripoll i Sant Joan de les Abadesses en un itinerari de mitja muntanya amb força desnivell, però amb vistes privilegiades: Collsacabra, el Montseny, el pantà de Sau, les Guilleries, el Castell de Montesquiu, els cingles de Tavertet i una llista inacabable.[/vc_column_text][/vc_column][vc_column width=»1/4&#8243;][vc_column_text el_class=»enllacos»]</p>
<div class="titol-p">ETAPA 3</div>
<div class="subtitol-p"><a href="https://www.camioliba.cat/es/en-cotxe/etapa3/">RIPOLL (RIPOLLÉS) –SANT MIQUEL DE CUIXÀ (FRANÇA)</a></div>
<p>[/vc_column_text][vc_empty_space height=»12px»][vc_single_image image=»11246&#8243; img_size=»full»][vc_empty_space height=»12px»][vc_column_text]<em>39,5 Km / 1.912 m positius / 1.042 m negatius / 2 jornades</em></p>
<p>Concebut en tres etapes de mig dia, aquest tram passa per municipis de muntanya com Camprodon i Molló i arriba a les basses de Puig Sec, un regal de la natura al mirador del Canigó, a la frontera amb França. Està projectat allargar el Camí Oliba uns 50 Km ?ns al monestir de Sant Miquel de Cuixà i, posteriorment, ?ns a Toluges (on Oliba hi va celebrar la primera assemblea de Pau i Treva).[/vc_column_text][/vc_column][vc_column width=»1/4&#8243;][vc_column_text el_class=»enllacos»]</p>
<div class="titol-p">ETAPA 2</div>
<div class="titol-p2">RUTA ALTERNATIVA</div>
<div class="subtitol-p"><a href="https://www.camioliba.cat/es/en-cotxe/etapa2-alternativa/">TRAM VARIANTE GR-151-1</a></div>
<p>[/vc_column_text][vc_empty_space height=»12px»][vc_single_image image=»11235&#8243; img_size=»full»][vc_empty_space height=»12px»][vc_column_text]<em>54 Km / 1.870 m positius / 1.970 m negatius / 3 jornades</em></p>
<p>És una alternativa més assequible al segon tram a partir de Tavertet. De Rupit, un dels pobles de major bellesa del país, s’encamina a Vidrà passant pel Coll de Bracons, va cap a Vallfogona del Ripollès i es troba amb el camí principal (GR151) a Sant Joan de les Abadesses.[/vc_column_text][/vc_column][/vc_row][vc_row][vc_column][vc_empty_space][/vc_column][/vc_row]</p>
</div>

<p>[vc_row][vc_column][vc_empty_space height=»42px»][/vc_column][/vc_row][vc_row][vc_column width=»1/4&#8243;][vc_column_text el_class=»enllacos»] ETAPA 1 MONTSERRAT (BAGES) – VIC (OSONA) [/vc_column_text][vc_empty_space height=»35px»][vc_single_image image=»11230&#8243; img_size=»full»][vc_empty_space height=»12px»][vc_column_text] 86 Km / 1.791 m positius / 2.051 m negatius / 3 jornades Coincideix amb el camí de Sant Jaume i està plantejat en cinc etapes de mitja jornada. S’inicia a Manresa i posteriorment ermet deixar el camí per&hellip;</p>
